 of z and l?
9
Let o = -3092 + 4432. What is the highest common factor of 40 and o?
20
Suppose -4*r - 2*i = -30, -4*r - i = 2*i - 27. Let q(b) = 10*b - 118. Let d be q(19). Calculate the greatest common factor of r and d.
9
Let a(z) = -z**2 - 31*z + 18. Let d be (-21 - (0 - 0)) + 1. Let c be a(d). Calculate the greatest common divisor of 14 and c.
14
Let g = 1345 + -1272. What is the greatest common factor of 2701 and g?
73
Let a be 57 + (-8)/(40/5). What is the highest common factor of 896 and a?
56
Let c(g) = 4*g**2 - 13*g + 3. Let b(z) = -z**2. Let x(q) = 6*b(q) + c(q). Let f be x(-6). What is the greatest common divisor of 9 and f?
9
Suppose 2*h - 18 = 10. Calculate the highest common factor of 42 and h.
14
Let u = -157 + 191. Calculate the highest common divisor of u and 136.
34
Suppose 66*l - 76*l + 240 = 0. Calculate the greatest common divisor of l and 6.
6
Suppose 12*m - 26*m = -672. Calculate the highest common divisor of m and 60.
12
Let j be (-56)/(-180)*129 - 2/15. Calculate the greatest common divisor of 90 and j.
10
Let n(o) = -4*o**3 - 3*o**2 - o. Let d be n(-3). Suppose 5*m - 4*b - 264 = 0, -2*b = -5*m + b + 268. Calculate the highest common divisor of d and m.
28
Suppose 5*u - 8 = 12. Suppose 4*x - 4 = 0, -k + 9 = u*k - x. Let z be (12 - k)/(2/8). What is the highest common factor of z and 16?
8
Suppose 0 = d + 3*d - 16. Suppose 0 = 9*h + 2*h - 44. Suppose 0*i + 21 = 5*m - h*i, 4*m - 5*i = 24. Calculate the greatest common divisor of d and m.
1
Let j(b) = -b**2 - 33*b + 6. Let a be j(-28). Calculate the highest common divisor of a and 2.
2
Suppose -1742 = -7*v - 440. What is the highest common divisor of v and 124?
62
Let t = -203 + 314. Let m = t + 6. Suppose -3*g + 3*n = -48, -62 = -10*g + 5*g - n. Calculate the highest common factor of g and m.
13
Let y(u) = -u + 43. Let l be y(-18). What is the greatest common factor of l and 1?
1
Suppose 6*s + 5 - 53 = 0. Let m = -4 + 3. Let b(x) = -71*x + 1. Let w be b(m). What is the greatest common divisor of s and w?
8
Let s = 135 + -126. Suppose 3*c = -a + 67, -c + 2*a = -a - s. Calculate the highest common divisor of c and 3.
3
Let g be 18/15*40/3. Calculate the highest common divisor of g and 22.
2
Let n be 2/17 - ((-3207)/51 + 0). What is the highest common divisor of 35 and n?
7
Suppose 5*b + 15 = 5*y, -2*y - b - 2 + 8 = 0. What is the greatest common factor of 81 and y?
3
Suppose 189 + 195 = 16*u. What is the highest common divisor of u and 324?
12
Suppose 4*g - 73 = -5*t + 107, -16 = 4*t. Let j = 0 + g. What is the greatest common factor of 75 and j?
25
Let r = -7 - -27. Let p(c) = -c + 1. Let w(m) = -2*m. Let h(d) = -5*p(d) + 4*w(d). Let z be h(-5). What is the greatest common factor of r and z?
10
Suppose 0 = -5*y - 5*c + 55 + 25, -5*c + 15 = 0. Calculate the greatest common factor of 39 and y.
13
Let i be (-2 + (-24)/(-20))*(-225)/2. Calculate the greatest common factor of 18 and i.
18
Suppose -17 = m - 24. Suppose 432 = m*r + 152. What is the greatest common divisor of 16 and r?
8
Suppose 2*z = -2*b + 6, 5*b + 3*z = 2*z + 11. Suppose -825 = -3*a - b*a. Let o = -99 + a. Calculate the highest common factor of o and 6.
6
Suppose -i - 2 - 23 = -3*x, 4 = x + 4*i. What is the highest common divisor of 952 and x?
8
Suppose 0 = -5*u + u + 52. Let r be 3/(-4*(-1)/124). Let o = r + -28. Calculate the greatest common divisor of u and o.
13
Let j(m) = 6*m + 38. Let d be j(-9). Let q(r) = r**3 + 17*r**2 + 10*r + 24. Let h be q(d). Calculate the greatest common factor of h and 24.
24
Suppose -11*v - 304 + 1085 = 0. Let r = v - 47. What is the greatest common factor of r and 64?
8
Let t(s) = s**2 + 14*s - 3. Let a be t(-15). What is the greatest common divisor of 8 and a?
4
Let l(x) be the first derivative of 2*x**2 - 24*x - 7. Let r be l(12). What is the greatest common factor of r and 16?
8
Let p = 23 + -21. Let m be (-3)/p*52/(-6). Calculate the highest common divisor of m and 39.
13
Suppose -4*w - 12 = 5*l - 62, -w - 47 = -3*l. Suppose 0 = -0*m - 5*m + 70. What is the highest common factor of m and l?
14
Suppose 0 = -5*s - 2*d + 145, 2*s - 2*d - 72 = -0*s. Calculate the greatest common divisor of 341 and s.
31
Suppose -5*t = -4*o + 339, -4*o + 9*t + 354 = 7*t. What is the greatest common divisor of o and 13?
13
Let z(p) = p**2 + 2*p + 2. Let t be z(0). Suppose 0 = 2*f - 10, 4*f = -t*x + f + 39. What is the highest common divisor of x and 8?
4
Suppose -2*b - 48 = -6*b. Let y be (1/2)/(67/1072). What is the greatest common factor of b and y?
4
Let l(a) = -2*a**3 + 41*a**2 + 22*a - 9. Let c be l(21). Calculate the highest common factor of 304 and c.
4
Suppose -2*u + 9*v = 6*v - 1249, -3*u + 5*v = -1872. What is the greatest common factor of u and 34?
17
Let h be 270/3 - 1 - -1. Let s be ((-24)/28)/(8/(-28)) - -15. Calculate the highest common divisor of h and s.
18
Let f(b) = b**2 + 25*b - 140. Let z be f(-42). Calculate the greatest common divisor of 14 and z.
14
Suppose -38*h = -37*h + 229. Let v = h + 355. Calculate the greatest common divisor of v and 14.
14
Let r = -288 + 318. Calculate the highest common divisor of 30 and r.
30
Let c(b) = b**3 + 6*b**2 - 3*b - 3. Suppose 6*g + l = g - 34, 2*l + 8 = 0. Let m be c(g). Let s = 194 + -74. What is the highest common divisor of m and s?
15
Let y(r) = r**3 - 2*r**2 - r + 2. Let b be y(3). Let f = -2 + b. Suppose 10*k - f*k - 40 = 0. What is the greatest common divisor of 50 and k?
10
Let s(x) = -4*x + 1. Let c = 27 + -35. Let b be s(c). Let u be (35/(-15))/(-1)*b. Calculate the highest common factor of 11 and u.
11
Let x(d) = -7*d - 6. Let p(u) = -20*u - 17. Let m(n) = 6*p(n) - 17*x(n). Let y be m(-5). What is the highest common divisor of 5 and y?
5
Suppose 2*b + 26*a = 23*a - 2, -3*b - 2*a = -2. Calculate the greatest common factor of b and 86.
2
Let a = 19 - 2. Suppose -z = -53 - a. What is the highest common factor of z and 14?
14
Let x(i) = -3*i - 7. Let b(u) = -3*u - 7. Let c(w) = 4*b(w) - 3*x(w). Let o be c(-9). Calculate the highest common divisor of 8 and o.
4
Let t = 72 - 45. Let c be (-3)/(-20 - 1) - (-140)/49. What is the greatest common divisor of t and c?
3
Let u be (-2 - -4)/2*(-1 + -10). Let f(k) = -k**2 - 18*k + 1. Let d be f(u). What is the greatest common factor of d and 13?
13
Suppose -22*y = 294 - 646. Suppose -3*o - 2*c = -2*o - 2, -17 = -o + 3*c. Calculate the highest common factor of o and y.
8
Let f(a) be the third derivative of a**4/2 - a**3/2 - 15*a**2. Let w be f(3). Calculate the greatest common divisor of 22 and w.
11
Let n be 519 + 3 + -4 + -1. Let k = -391 - -438. What is the greatest common factor of n and k?
47
Suppose -5*m + 69 = 3*t, -1 = -2*m + 2*t + 17. Suppose 3*h - m = 2*h. Calculate the highest common divisor of h and 60.
12
Let n(l) = l**2 - 12*l - 58. Let m be n(-4). Calculate the greatest common divisor of m and 48.
6
Suppose l - 9 = 45. Let d = -36 - -42. Calculate the greatest common divisor of l and d.
6
Suppose 3*m - 5*w = -0*m + 34, 3*m - 4 = -w. Suppose -14 = -h - m*a + 8, -h - 2*a = -20. Let n = -109 - -157. What is the greatest common factor of n and h?
16
Suppose 3*r = 3*t - 12, 2*r = -4*t - 0*r + 40. What is the highest common factor of t and 88?
8
Suppose 3*u + 3*n = -2*u + 154, 5*n - 86 = -3*u. Let w be (-3 + (-10)/(-4))*(-1344)/14. What is the highest common divisor of u and w?
16
Let t(b) = -b**3 + 15*b**2 + 52*b + 40. Let h be t(18). What is the highest common factor of 23 and h?
1
Suppose -5*j + 208 + 242 = 0. Suppose -4*c + 116 = -w, -5*c + 3*w + 144 = 6. Calculate the highest common divisor of j and c.
30
Suppose -22*w = -25*w - 27. Let l = w + 47. Let u be 38/2 - (0 - 0). What is the highest common divisor of u and l?
19
Let a(d) be the third derivative of 61*d**4/24 - d**3/3 + 3*d**2. Let n be a(4). Calculate the highest common divisor of n and 22.
22
Let k = -1777 + 1781. What is the highest common divisor of 122 and k?
2
Suppose -w = -z + 2, 5*w + 2 = z - 0*z. Suppose 4*a + 29 - 85 = w. What is the highest common divisor of a and 28?
14
Let x(v) = -v - 3. Let q be x(-5). Suppose -2*o = q*o - 192. Calculate the highest common divisor of o and 16.
16
Suppose -x = -5*x + 64. Let n(p) = 26*p**2 + 4*p - 6. Let q be n(1). What is the highest common factor of q and x?
8
Supp